{"id":103,"date":"2026-03-31T20:56:00","date_gmt":"2026-03-31T20:56:00","guid":{"rendered":"https:\/\/example.com\/?page_id=103"},"modified":"2026-03-31T22:38:39","modified_gmt":"2026-03-31T22:38:39","slug":"nos-caviars","status":"publish","type":"page","link":"https:\/\/www.kviar.fr\/index.php\/nos-caviars\/","title":{"rendered":"Nos Caviars"},"content":{"rendered":"\n\t<section class=\"section dark\" id=\"section_530440814\">\n\t\t<div class=\"section-bg fill\" >\n\t\t\t\t\t\t\t\t\t\n\t\t\t\n\n\t\t<\/div>\n\n\t\t\n\n\t\t<div class=\"section-content relative\">\n\t\t\t\n<div class=\"row\"  id=\"row-446730225\">\n\n\t<div id=\"col-1784450053\" class=\"col medium-12 large-12\"  >\n\t\t\t\t<div class=\"col-inner text-center\"  >\n\t\t\t\n\t\t\t\n<h1 style=\"color:#C7A35D;\">Nos Caviars<\/h1>\n<p style=\"color:#F3EFE7;\">Des vari\u00e9t\u00e9s aux profils uniques, entre finesse iod\u00e9e, reflets dor\u00e9s et longueurs en bouche remarquables.<\/p>\n\t\t<\/div>\n\t\t\t\t\t<\/div>\n\n\t\n<\/div>\n\t\t<\/div>\n\n\t\t\n<style>\n#section_530440814 {\n  padding-top: 90px;\n  padding-bottom: 90px;\n  background-color: rgb(11,11,11);\n}\n<\/style>\n\t<\/section>\n\t\n\n\t<section class=\"section dark\" id=\"section_778301843\">\n\t\t<div class=\"section-bg fill\" >\n\t\t\t\t\t\t\t\t\t\n\t\t\t\n\n\t\t<\/div>\n\n\t\t\n\n\t\t<div class=\"section-content relative\">\n\t\t\t\n<div class=\"row\"  id=\"row-1620659318\">\n\n\t<div id=\"col-1245092507\" class=\"col medium-5 large-5\"  >\n\t\t\t\t<div class=\"col-inner\"  >\n\t\t\t\n\t\t\t\n\t<div class=\"img has-hover x md-x lg-x y md-y lg-y\" id=\"image_1421276353\">\n\t\t\t\t\t\t\t\t<div class=\"img-inner dark\" >\n\t\t\t\t\t\t\t\t\t\n\t\t\t\t\t<\/div>\n\t\t\t\t\t\t\t\t\n<style>\n#image_1421276353 {\n  width: 100%;\n}\n<\/style>\n\t<\/div>\n\t\n\t\t<\/div>\n\t\t\t\t\t<\/div>\n\n\t\n\n\t<div id=\"col-281858791\" class=\"col medium-7 large-7\"  >\n\t\t\t\t<div class=\"col-inner\"  >\n\t\t\t\n\t\t\t\n<h2 style=\"color:#C7A35D;\">Royal Select<\/h2>\n<p style=\"color:#F3EFE7;\">Complexe et puissant, saveurs iod\u00e9es et min\u00e9rales relev\u00e9es d\u2019accords fruit\u00e9s.<\/p>\n<div class=\"accordion\">\n\t<div id=\"accordion-2800665490\" class=\"accordion-item\">\n\t\t<a id=\"accordion-2800665490-label\" class=\"accordion-title plain\" href=\"#accordion-item-caract\u00e9ristiques\" aria-expanded=\"false\" aria-controls=\"accordion-2800665490-content\">\n\t\t\t<button class=\"toggle\" aria-label=\"Toggle\"><i class=\"icon-angle-down\" aria-hidden=\"true\"><\/i><\/button>\n\t\t\t<span>Caract\u00e9ristiques<\/span>\n\t\t<\/a>\n\t\t<div id=\"accordion-2800665490-content\" class=\"accordion-inner\" aria-labelledby=\"accordion-2800665490-label\">\n\t\t\tTaille des grains : 2,8\u20132,9 mm<br \/>Intensit\u00e9 iod\u00e9e : 3\/5<br \/>Texture : fondant<br \/>Couleur : brun fonc\u00e9 \u00e0 noir\t\t<\/div>\n\t<\/div>\n\t\n\t<div id=\"accordion-577059839\" class=\"accordion-item\">\n\t\t<a id=\"accordion-577059839-label\" class=\"accordion-title plain\" href=\"#accordion-item-histoire\" aria-expanded=\"false\" aria-controls=\"accordion-577059839-content\">\n\t\t\t<button class=\"toggle\" aria-label=\"Toggle\"><i class=\"icon-angle-down\" aria-hidden=\"true\"><\/i><\/button>\n\t\t\t<span>Histoire<\/span>\n\t\t<\/a>\n\t\t<div id=\"accordion-577059839-content\" class=\"accordion-inner\" aria-labelledby=\"accordion-577059839-label\">\n\t\t\tLe Royal Select provient d\u2019une s\u00e9lection effectu\u00e9e par notre personnel dans nos laboratoires.\t\t<\/div>\n\t<\/div>\n\t\n<\/div>\n\t\t<\/div>\n\t\t\t\t\t<\/div>\n\n\t\n<\/div>\n\t\t<\/div>\n\n\t\t\n<style>\n#section_778301843 {\n  padding-top: 70px;\n  padding-bottom: 70px;\n  background-color: rgb(23,23,23);\n}\n<\/style>\n\t<\/section>\n\t\n\n\t<section class=\"section dark\" id=\"section_1591443048\">\n\t\t<div class=\"section-bg fill\" >\n\t\t\t\t\t\t\t\t\t\n\t\t\t\n\n\t\t<\/div>\n\n\t\t\n\n\t\t<div class=\"section-content relative\">\n\t\t\t\n<div class=\"row\"  id=\"row-828545815\">\n\n\t<div id=\"col-209000035\" class=\"col medium-7 large-7\"  >\n\t\t\t\t<div class=\"col-inner\"  >\n\t\t\t\n\t\t\t\n<h2 style=\"color:#C7A35D;\">Oscietra<\/h2>\n<p style=\"color:#F3EFE7;\">Saveurs marines, notes subtiles de noix et grande persistance.<\/p>\n<div class=\"accordion\">\n\t<div id=\"accordion-951779355\" class=\"accordion-item\">\n\t\t<a id=\"accordion-951779355-label\" class=\"accordion-title plain\" href=\"#accordion-item-caract\u00e9ristiques\" aria-expanded=\"false\" aria-controls=\"accordion-951779355-content\">\n\t\t\t<button class=\"toggle\" aria-label=\"Toggle\"><i class=\"icon-angle-down\" aria-hidden=\"true\"><\/i><\/button>\n\t\t\t<span>Caract\u00e9ristiques<\/span>\n\t\t<\/a>\n\t\t<div id=\"accordion-951779355-content\" class=\"accordion-inner\" aria-labelledby=\"accordion-951779355-label\">\n\t\t\tTaille des grains : 3\u20133,1 mm<br \/>Intensit\u00e9 iod\u00e9e : 4\/5<br \/>Texture : ferme<br \/>Couleur : vert olive aux reflets dor\u00e9s\t\t<\/div>\n\t<\/div>\n\t\n\t<div id=\"accordion-1676889532\" class=\"accordion-item\">\n\t\t<a id=\"accordion-1676889532-label\" class=\"accordion-title plain\" href=\"#accordion-item-histoire\" aria-expanded=\"false\" aria-controls=\"accordion-1676889532-content\">\n\t\t\t<button class=\"toggle\" aria-label=\"Toggle\"><i class=\"icon-angle-down\" aria-hidden=\"true\"><\/i><\/button>\n\t\t\t<span>Histoire<\/span>\n\t\t<\/a>\n\t\t<div id=\"accordion-1676889532-content\" class=\"accordion-inner\" aria-labelledby=\"accordion-1676889532-label\">\n\t\t\t\u00c9galement connu sous le nom d\u2019esturgeon russe, il \u00e9volue dans des lacs et barrages profonds.\t\t<\/div>\n\t<\/div>\n\t\n<\/div>\n\t\t<\/div>\n\t\t\t\t\t<\/div>\n\n\t\n\n\t<div id=\"col-1451272939\" class=\"col medium-5 large-5\"  >\n\t\t\t\t<div class=\"col-inner\"  >\n\t\t\t\n\t\t\t\n\t<div class=\"img has-hover x md-x lg-x y md-y lg-y\" id=\"image_138304991\">\n\t\t\t\t\t\t\t\t<div class=\"img-inner dark\" >\n\t\t\t\t\t\t\t\t\t\n\t\t\t\t\t<\/div>\n\t\t\t\t\t\t\t\t\n<style>\n#image_138304991 {\n  width: 100%;\n}\n<\/style>\n\t<\/div>\n\t\n\t\t<\/div>\n\t\t\t\t\t<\/div>\n\n\t\n<\/div>\n\t\t<\/div>\n\n\t\t\n<style>\n#section_1591443048 {\n  padding-top: 70px;\n  padding-bottom: 70px;\n  background-color: rgb(11,11,11);\n}\n<\/style>\n\t<\/section>\n\t\n\n\t<section class=\"section dark\" id=\"section_1573148373\">\n\t\t<div class=\"section-bg fill\" >\n\t\t\t\t\t\t\t\t\t\n\t\t\t\n\n\t\t<\/div>\n\n\t\t\n\n\t\t<div class=\"section-content relative\">\n\t\t\t\n<div class=\"row\"  id=\"row-1919199208\">\n\n\t<div id=\"col-1359420451\" class=\"col medium-5 large-5\"  >\n\t\t\t\t<div class=\"col-inner\"  >\n\t\t\t\n\t\t\t\n\t<div class=\"img has-hover x md-x lg-x y md-y lg-y\" id=\"image_948781298\">\n\t\t\t\t\t\t\t\t<div class=\"img-inner dark\" >\n\t\t\t\t\t\t\t\t\t\n\t\t\t\t\t<\/div>\n\t\t\t\t\t\t\t\t\n<style>\n#image_948781298 {\n  width: 100%;\n}\n<\/style>\n\t<\/div>\n\t\n\t\t<\/div>\n\t\t\t\t\t<\/div>\n\n\t\n\n\t<div id=\"col-639789106\" class=\"col medium-7 large-7\"  >\n\t\t\t\t<div class=\"col-inner\"  >\n\t\t\t\n\t\t\t\n<h2 style=\"color:#C7A35D;\">Imperial Gold<\/h2>\n<p style=\"color:#F3EFE7;\">Une s\u00e9lection rare aux reflets dor\u00e9s, destin\u00e9e aux connaisseurs.<\/p>\n<div class=\"accordion\">\n\t<div id=\"accordion-479348175\" class=\"accordion-item\">\n\t\t<a id=\"accordion-479348175-label\" class=\"accordion-title plain\" href=\"#accordion-item-caract\u00e9ristiques\" aria-expanded=\"false\" aria-controls=\"accordion-479348175-content\">\n\t\t\t<button class=\"toggle\" aria-label=\"Toggle\"><i class=\"icon-angle-down\" aria-hidden=\"true\"><\/i><\/button>\n\t\t\t<span>Caract\u00e9ristiques<\/span>\n\t\t<\/a>\n\t\t<div id=\"accordion-479348175-content\" class=\"accordion-inner\" aria-labelledby=\"accordion-479348175-label\">\n\t\t\tTaille des grains : 3,3\u20133,4 mm<br \/>Intensit\u00e9 iod\u00e9e : 2\/5<br \/>Texture : ferme<br \/>Couleur : brun clair avec reflets dor\u00e9s\t\t<\/div>\n\t<\/div>\n\t\n\t<div id=\"accordion-292023117\" class=\"accordion-item\">\n\t\t<a id=\"accordion-292023117-label\" class=\"accordion-title plain\" href=\"#accordion-item-histoire\" aria-expanded=\"false\" aria-controls=\"accordion-292023117-content\">\n\t\t\t<button class=\"toggle\" aria-label=\"Toggle\"><i class=\"icon-angle-down\" aria-hidden=\"true\"><\/i><\/button>\n\t\t\t<span>Histoire<\/span>\n\t\t<\/a>\n\t\t<div id=\"accordion-292023117-content\" class=\"accordion-inner\" aria-labelledby=\"accordion-292023117-label\">\n\t\t\tUne s\u00e9lection rare par ses couleurs dor\u00e9es, ses gros grains bien d\u00e9tach\u00e9s et sa texture ferme.\t\t<\/div>\n\t<\/div>\n\t\n<\/div>\n\t\t<\/div>\n\t\t\t\t\t<\/div>\n\n\t\n<\/div>\n\t\t<\/div>\n\n\t\t\n<style>\n#section_1573148373 {\n  padding-top: 70px;\n  padding-bottom: 70px;\n  background-color: rgb(23,23,23);\n}\n<\/style>\n\t<\/section>\n\t\n\n\t<section class=\"section dark\" id=\"section_1861945564\">\n\t\t<div class=\"section-bg fill\" >\n\t\t\t\t\t\t\t\t\t\n\t\t\t\n\n\t\t<\/div>\n\n\t\t\n\n\t\t<div class=\"section-content relative\">\n\t\t\t\n<div class=\"row\"  id=\"row-611572725\">\n\n\t<div id=\"col-171695725\" class=\"col medium-7 large-7\"  >\n\t\t\t\t<div class=\"col-inner\"  >\n\t\t\t\n\t\t\t\n<h2 style=\"color:#C7A35D;\">Kaluga<\/h2>\n<p style=\"color:#F3EFE7;\">Ar\u00f4mes marins g\u00e9n\u00e9reux et texture ferme d\u2019une grande \u00e9l\u00e9gance.<\/p>\n\t\t<\/div>\n\t\t\t\t\t<\/div>\n\n\t\n\n\t<div id=\"col-219383477\" class=\"col medium-5 large-5\"  >\n\t\t\t\t<div class=\"col-inner\"  >\n\t\t\t\n\t\t\t\n\t<div class=\"img has-hover x md-x lg-x y md-y lg-y\" id=\"image_1915847374\">\n\t\t\t\t\t\t\t\t<div class=\"img-inner dark\" >\n\t\t\t\t\t\t\t\t\t\n\t\t\t\t\t<\/div>\n\t\t\t\t\t\t\t\t\n<style>\n#image_1915847374 {\n  width: 100%;\n}\n<\/style>\n\t<\/div>\n\t\n\t\t<\/div>\n\t\t\t\t\t<\/div>\n\n\t\n<\/div>\n\t\t<\/div>\n\n\t\t\n<style>\n#section_1861945564 {\n  padding-top: 70px;\n  padding-bottom: 70px;\n  background-color: rgb(11,11,11);\n}\n<\/style>\n\t<\/section>\n\t\n\n\t<section class=\"section dark\" id=\"section_1971851182\">\n\t\t<div class=\"section-bg fill\" >\n\t\t\t\t\t\t\t\t\t\n\t\t\t\n\n\t\t<\/div>\n\n\t\t\n\n\t\t<div class=\"section-content relative\">\n\t\t\t\n<div class=\"row\"  id=\"row-174215718\">\n\n\t<div id=\"col-168806677\" class=\"col medium-5 large-5\"  >\n\t\t\t\t<div class=\"col-inner\"  >\n\t\t\t\n\t\t\t\n\t<div class=\"img has-hover x md-x lg-x y md-y lg-y\" id=\"image_1852487322\">\n\t\t\t\t\t\t\t\t<div class=\"img-inner dark\" >\n\t\t\t\t\t\t\t\t\t\n\t\t\t\t\t<\/div>\n\t\t\t\t\t\t\t\t\n<style>\n#image_1852487322 {\n  width: 100%;\n}\n<\/style>\n\t<\/div>\n\t\n\t\t<\/div>\n\t\t\t\t\t<\/div>\n\n\t\n\n\t<div id=\"col-1402850068\" class=\"col medium-7 large-7\"  >\n\t\t\t\t<div class=\"col-inner\"  >\n\t\t\t\n\t\t\t\n<h2 style=\"color:#C7A35D;\">Beluga<\/h2>\n<p style=\"color:#F3EFE7;\">Le plus prestigieux, aux notes raffin\u00e9es et \u00e0 la longueur inimitable.<\/p>\n\t\t<\/div>\n\t\t\t\t\t<\/div>\n\n\t\n<\/div>\n\t\t<\/div>\n\n\t\t\n<style>\n#section_1971851182 {\n  padding-top: 70px;\n  padding-bottom: 70px;\n  background-color: rgb(23,23,23);\n}\n<\/style>\n\t<\/section>\n\t\n\n\t<section class=\"section\" id=\"section_1180868206\">\n\t\t<div class=\"section-bg fill\" >\n\t\t\t\t\t\t\t\t\t\n\t\t\t\n\n\t\t<\/div>\n\n\t\t\n\n\t\t<div class=\"section-content relative\">\n\t\t\t\n<div class=\"row\"  id=\"row-1313633791\">\n\n\t<div id=\"col-1299873385\" class=\"col medium-12 large-12\"  >\n\t\t\t\t<div class=\"col-inner text-center\"  >\n\t\t\t\n\t\t\t\n<h2 style=\"color:#A67C2E;\">Nos tarifs<\/h2>\n<p>Baeri Royal Select : 1.572 \u20ac\/kg<br \/>Baeri Classic : 1.356 \u20ac\/kg<br \/>Oscietra : 1.668 \u20ac\/kg<br \/>Imperial Gold : 2.220 \u20ac\/kg<br \/>Kaluga : 2.400 \u20ac\/kg<br \/>Beluga : 4.308 \u20ac\/kg<\/p>\n\t\t<\/div>\n\t\t\t\t\t<\/div>\n\n\t\n<\/div>\n\t\t<\/div>\n\n\t\t\n<style>\n#section_1180868206 {\n  padding-top: 60px;\n  padding-bottom: 60px;\n  background-color: rgb(243,239,231);\n}\n<\/style>\n\t<\/section>\n\t\n","protected":false},"excerpt":{"rendered":"","protected":false},"author":1,"featured_media":0,"parent":0,"menu_order":2,"comment_status":"closed","ping_status":"closed","template":"","meta":{"footnotes":""},"class_list":["post-103","page","type-page","status-publish","hentry"],"_links":{"self":[{"href":"https:\/\/www.kviar.fr\/index.php\/wp-json\/wp\/v2\/pages\/103","targetHints":{"allow":["GET"]}}],"collection":[{"href":"https:\/\/www.kviar.fr\/index.php\/wp-json\/wp\/v2\/pages"}],"about":[{"href":"https:\/\/www.kviar.fr\/index.php\/wp-json\/wp\/v2\/types\/page"}],"author":[{"embeddable":true,"href":"https:\/\/www.kviar.fr\/index.php\/wp-json\/wp\/v2\/users\/1"}],"replies":[{"embeddable":true,"href":"https:\/\/www.kviar.fr\/index.php\/wp-json\/wp\/v2\/comments?post=103"}],"version-history":[{"count":1,"href":"https:\/\/www.kviar.fr\/index.php\/wp-json\/wp\/v2\/pages\/103\/revisions"}],"predecessor-version":[{"id":125,"href":"https:\/\/www.kviar.fr\/index.php\/wp-json\/wp\/v2\/pages\/103\/revisions\/125"}],"wp:attachment":[{"href":"https:\/\/www.kviar.fr\/index.php\/wp-json\/wp\/v2\/media?parent=103"}],"curies":[{"name":"wp","href":"https:\/\/api.w.org\/{rel}","templated":true}]}}