{"id":105,"date":"2026-03-31T20:56:00","date_gmt":"2026-03-31T20:56:00","guid":{"rendered":"https:\/\/example.com\/?page_id=105"},"modified":"2026-03-31T22:39:03","modified_gmt":"2026-03-31T22:39:03","slug":"nos-engagements","status":"publish","type":"page","link":"https:\/\/www.kviar.fr\/index.php\/nos-engagements\/","title":{"rendered":"Nos engagements"},"content":{"rendered":"\n\t<section class=\"section dark\" id=\"section_1152508187\">\n\t\t<div class=\"section-bg fill\" >\n\t\t\t\t\t\t\t\t\t\n\t\t\t\n\n\t\t<\/div>\n\n\t\t\n\n\t\t<div class=\"section-content relative\">\n\t\t\t\n<div class=\"row\"  id=\"row-180720715\">\n\n\t<div id=\"col-1642298582\" class=\"col medium-12 large-12\"  >\n\t\t\t\t<div class=\"col-inner text-center\"  >\n\t\t\t\n\t\t\t\n<h1 style=\"color:#C7A35D;\">Nos engagements<\/h1>\n<p style=\"color:#F3EFE7;\">La transparence, la qualit\u00e9 et le respect sont au c\u0153ur de tout ce que nous faisons.<\/p>\n\t\t<\/div>\n\t\t\t\t\t<\/div>\n\n\t\n<\/div>\n\t\t<\/div>\n\n\t\t\n<style>\n#section_1152508187 {\n  padding-top: 90px;\n  padding-bottom: 90px;\n  background-color: rgb(11,11,11);\n}\n<\/style>\n\t<\/section>\n\t\n\n\t<section class=\"section\" id=\"section_471803305\">\n\t\t<div class=\"section-bg fill\" >\n\t\t\t\t\t\t\t\t\t\n\t\t\t\n\n\t\t<\/div>\n\n\t\t\n\n\t\t<div class=\"section-content relative\">\n\t\t\t\n<div class=\"row\"  id=\"row-1262278446\">\n\n\t<div id=\"col-1955098216\" class=\"col medium-4 large-4\"  >\n\t\t\t\t<div class=\"col-inner\"  >\n\t\t\t\n\t\t\t\n[icon_box title=&#8221;Bien-\u00eatre animal&#8221; text=&#8221;Le respect de l\u2019esturgeon au centre de notre d\u00e9marche.&#8221;]\n\t\t<\/div>\n\t\t\t\t\t<\/div>\n\n\t\n\n\t<div id=\"col-346955671\" class=\"col medium-4 large-4\"  >\n\t\t\t\t<div class=\"col-inner\"  >\n\t\t\t\n\t\t\t\n[icon_box title=&#8221;Tra\u00e7abilit\u00e9 int\u00e9grale&#8221; text=&#8221;Chaque bo\u00eete est issue d\u2019un lot identifi\u00e9 et suivi.&#8221;]\n\t\t<\/div>\n\t\t\t\t\t<\/div>\n\n\t\n\n\t<div id=\"col-1562899692\" class=\"col medium-4 large-4\"  >\n\t\t\t\t<div class=\"col-inner\"  >\n\t\t\t\n\t\t\t\n[icon_box title=&#8221;Savoir-faire artisanal&#8221; text=&#8221;Des m\u00e9thodes fid\u00e8les aux traditions les plus exigeantes.&#8221;]\n\t\t<\/div>\n\t\t\t\t\t<\/div>\n\n\t\n<\/div>\n<div class=\"row\"  id=\"row-1563096510\">\n\n\t<div id=\"col-1053035761\" class=\"col medium-4 large-4\"  >\n\t\t\t\t<div class=\"col-inner\"  >\n\t\t\t\n\t\t\t\n[icon_box title=&#8221;\u00c9thique &#038; responsabilit\u00e9&#8221; text=&#8221;Une production raisonn\u00e9e et respectueuse de la ressource.&#8221;]\n\t\t<\/div>\n\t\t\t\t\t<\/div>\n\n\t\n\n\t<div id=\"col-1032800799\" class=\"col medium-4 large-4\"  >\n\t\t\t\t<div class=\"col-inner\"  >\n\t\t\t\n\t\t\t\n[icon_box title=&#8221;Excellence gustative&#8221; text=&#8221;Une s\u00e9lection stricte entre texture, finesse et intensit\u00e9.&#8221;]\n\t\t<\/div>\n\t\t\t\t\t<\/div>\n\n\t\n\n\t<div id=\"col-2046827044\" class=\"col medium-4 large-4\"  >\n\t\t\t\t<div class=\"col-inner\"  >\n\t\t\t\n\t\t\t\n[icon_box title=&#8221;Authenticit\u00e9 &#038; transparence&#8221; text=&#8221;Aucun artifice, uniquement la v\u00e9rit\u00e9 d\u2019un caviar d\u2019exception.&#8221;]\n\t\t<\/div>\n\t\t\t\t\t<\/div>\n\n\t\n<\/div>\n\t\t<\/div>\n\n\t\t\n<style>\n#section_471803305 {\n  padding-top: 70px;\n  padding-bottom: 70px;\n  background-color: rgb(243,239,231);\n}\n<\/style>\n\t<\/section>\n\t\n","protected":false},"excerpt":{"rendered":"","protected":false},"author":1,"featured_media":0,"parent":0,"menu_order":4,"comment_status":"closed","ping_status":"closed","template":"","meta":{"footnotes":""},"class_list":["post-105","page","type-page","status-publish","hentry"],"_links":{"self":[{"href":"https:\/\/www.kviar.fr\/index.php\/wp-json\/wp\/v2\/pages\/105","targetHints":{"allow":["GET"]}}],"collection":[{"href":"https:\/\/www.kviar.fr\/index.php\/wp-json\/wp\/v2\/pages"}],"about":[{"href":"https:\/\/www.kviar.fr\/index.php\/wp-json\/wp\/v2\/types\/page"}],"author":[{"embeddable":true,"href":"https:\/\/www.kviar.fr\/index.php\/wp-json\/wp\/v2\/users\/1"}],"replies":[{"embeddable":true,"href":"https:\/\/www.kviar.fr\/index.php\/wp-json\/wp\/v2\/comments?post=105"}],"version-history":[{"count":1,"href":"https:\/\/www.kviar.fr\/index.php\/wp-json\/wp\/v2\/pages\/105\/revisions"}],"predecessor-version":[{"id":126,"href":"https:\/\/www.kviar.fr\/index.php\/wp-json\/wp\/v2\/pages\/105\/revisions\/126"}],"wp:attachment":[{"href":"https:\/\/www.kviar.fr\/index.php\/wp-json\/wp\/v2\/media?parent=105"}],"curies":[{"name":"wp","href":"https:\/\/api.w.org\/{rel}","templated":true}]}}